te 5 + (-7 - -6) + -8 + (-7 - -24).
13
-19 + 4 + 12 + 1
-2
Calculate -14 + 34 + -2 + -14.
4
-24 + 24 - (-3 + 2 - -6)
-5
What is the value of 0 + (-1 - -4) - (-3 - (-57 - -48))?
-3
What is 93 + -40 + -47 + -33?
-27
Calculate 13 + (-12 - (4 - 10 - -7)).
0
Calculate 13 - -9 - (-7 - (-1 - (0 - -7))).
21
What is 1 - 40 - -31 - (0 - -11)?
-19
What is the value of 14 - (11 + -1) - 13?
-9
What is the value of -12 + -9 + (-129 - -127)?
-23
What is the value of (25 + -10 - 29) + 16?
2
Evaluate (-277 - -261) + 20 + -1.
3
9 + (1 + (8 - 0) - 29)
-11
What is the value of 14 - (-9 + 22 + -1 + -4)?
6
What is 3 - -10 - (-7 - -3 - 1) - -2?
20
Evaluate (-41 - -27) + (-15 - -5) + 4.
-20
What is 8 + (23 - 7) + -3 + -16?
5
-10 + 2 - (-18 - (-12 + 10))
8
(-5 - (-1 + (-10 - -6))) + 21
21
Evaluate -23 - (-15 + 7 + 1).
-16
What is the value of 3 + -2 - ((102 - 114) + (0 - -11))?
2
Evaluate 4 + 5 + -6 - 7.
-4
What is 6 + -9 + 3 + (0 - (-12 - 0))?
12
Evaluate 24 + 1 - (314 + -276).
-13
Calculate 495 + -493 + -3 + (2 - 4).
-3
Evaluate -21 - (-8 - 6) - 13.
-20
What is 5 + 2 + 2 + -101 + 62?
-30
(14 - (8 + -6)) + 1 + -8 - 0
5
(0 - 1 - 2) + 13 - 2
8
What is the value of -29 + 5 + (8 - -11)?
-5
-44 + 0 + -236 + 264
-16
What is (1 - -5) + 6 + -3 + 0 + -9?
0
Evaluate -4 - (12 - (2 - -1) - (30 + -28)).
-11
34 + -17 + (-11 - (-19 - 1))
26
What is 2 - 0 - (22 + -23 + 2)?
1
Calculate 1 + (13 - (-2 - -11)) + -1 + -6.
-2
Evaluate (9 - (-17 + 10 - (2 - 9))) + -1.
8
(4 - -1) + 7 + -1 + -26
-15
Calculate 2 - 2 - (11 - (-6 + 0)).
-17
What is 10 + (29 - (72 + -28))?
-5
What is the value of 9 + (0 - 15) + 6 - -9?
9
18 + -9 + 15 - 10
14
What is 15 + (-18 - -3) + 15?
15
-6 + 18 + -7 + (2 - -4)
11
Calculate 24 + (-7 - (4 - 6)).
19
43 - ((-21 - -73) + -34)
25
Evaluate ((-6 - 6 - -2) + 5 - -5) + -4.
-4
What is the value of (3 - -1 - (-12 + 18)) + -4 + -2?
-8
What is the value of -4 + 0 - (-4 + 2 + 0 + -4)?
2
What is the value of -4 + (-1 - (7 - 0)) + (-10 - -14)?
-8
What is -8 + -5 + -6 + (16 - -7) + 3?
7
Calculate (-42 - (16 + -41)) + 49.
32
Evaluate 5 - ((5 - 0) + (-4 - -1 - 1)).
4
What is -11 + 20 + -8 + -21?
-20
2 + 4 + -10 + -5 + 2
-7
-16 + (-31 - (-6 + -57))
16
Evaluate -3 - (-95 + 103 + -11 + -2 + 3).
-1
-7 - 7 - (-83 - -39)
30
What is the value of (10 - 14 - 19) + 38?
15
1 + -2 - (26 - (16 + 10)) - 0
-1
What is the value of -16 - (4 - (58 - (18 - 7)))?
27
Calculate 4 - 0 - (-3 - (-1 + -6) - -4).
-4
Calculate -10 - (-5 - 5) - -6.
6
Evaluate (3 - -20) + -5 + (2 - (5 + 2)).
13
What is (3 + 5 - -5) + (5 - 32)?
-14
Calculate 5 - (3 + 1) - (11 + -2 - 37).
29
What is -15 + -2 + 18 + (9 - 0)?
10
-4 - ((2 - 1) + -14 + (-1 - -8))
2
What is -15 - (-7 + 24 + -8 + (-1 - 3))?
-20
Calculate -11 - (17 + (15 + -11 - 11)).
-21
What is the value of -2 + (-2 - -1) + 17 + -36 + -11?
-33
What is -18 - (-78 + 85 - (-1 - (-10 + 2)))?
-18
-5 - (17 - 16 - -12)
-18
What is 18 + 25 + -50 + 0 + -8?
-15
What is the value of 8 - -2 - (17 + 21 + -34 + -1)?
7
-11 - (5 - (-13 + 15 + 16))
2
1 + 1 + -11 + 21 + 6 + -5
13
What is (-11 - (-16 - (-2 - 4))) + (34 - 1)?
32
What is the value of (-11 - (-23 + 15)) + (3 - -21)?
21
Calculate -173 + 172 - ((0 - (0 - 2)) + -4).
1
-86 + 86 + -1 + -12 - -5
-8
What is (11 - (16 - 14)) + 1 + -18 - -8?
0
Calculate 3 + (16 - 11 - -10 - (0 + 6)).
12
What is the value of (10 - 0) + 145 + -155 - -6?
6
Evaluate (-128 - -141) + -11 + -1.
1
What is the value of -14 - (21 + 1 + -19)?
-17
What is the value of 15 + -22 - (4 + 1 + -5)?
-7
What is the value of -7 + (39 - 13 - 3)?
16
-34 - (-58 + -5 + -1)
30
Evaluate (-6 + 13 + -4 - 3) + 15 + 4.
19
What is (7 - -6 - 1) + -6?
6
Calculate (8 - (8 + 3) - 0) + 8.
5
What is 21 + -13 + -53 - -29?
-16
-1 + 1 + (-1 - (-11 + 0 + -4))
14
Evaluate 8 + -6 + 6 + 7.
15
What is the value of 32 + -30 + (8 - -11)?
21
What is the value of 10 + -4 + (-8 - -7) + 2?
7
Evaluate (-21 + 18 - -12) + -4 + -11.
-6
Evaluate 0 + -9 + 1 + -1 + 299 + -272.
18
What is (0 - 1) + 0 - -7 - (-51 - -45)?
12
Calculate (-59 - -4) + 28 + 46.
19
What is the value of -12 - (-3 + -7 + 1) - -3?
0
Evaluate 4 + -7 + 0 - (17 + -7 + 8).
-21
Calculate (-14 - -11) + 16 + -30.
-17
Evaluate (9 - -3 - 7) + -3 + 3 - -3.
8
Calculate -24 + (-22 - -26) + 5.
-15
What is the value of 4 + (2 - (5 + -7 + 2))?
6
What is -19 + -18 + 35 + 1?
-1
What is the value of 15 - 39 - -27 - 25?
-22
What is -4 - (0 + (0 - -2) - (-40 + 44))?
-2
Calculate (0 - 5) + 3 - ((-12 - -6) + 4).
0
(1 + 11 - -1) + 4 + -8 + 2
11
Calculate (62 + -62 - (-1 + 0 + 6)) + -5.
-10
What is -10 + (2 - -2) - (-5 - (7 + -7))?
-1
What is 34 - (0 - (-37 + -6))?
-9
(0 - 1) + (18 - (32 - 16))
1
Evaluate 7 + -25 + 14 - (9 - 9).
-4
What is 0 + -14 + 22 + 7 + 1 - 8?
8
-93 + 83 - (-1 - -5 - (4 + -1))
-11
-7 - -2 - ((-13 - -8) + 14)
-14
What is (12 - 14) + (6 - 7)?
-3
Evaluate 2 + 8 + (-538 - -530).
2
(40 - (42 + -18)) + 3
19
Calculate 1 + (-8 - (6 + -8)) - 4.
-9
What is the value of 9 - (21 + (-10 - 0))?
-2
What is the value of -1 - (3 + 0) - (0 + 2) - -7?
1
-1 - (43 - 48 - (-4 - -1))
1
Calculate 21 - (-1 + 15 + -18 + 17).
8
Calculate 4 + (-6 + 1 - 2) + 0 + -6.
-9
What is 18 - (3 + (-1 - -9)) - -1?
8
What is -1 - -1 - (0 + 0) - (73 - 59)?
-14
Evaluate -1 + 5 + (-14 - 7 - -13).
-4
8 - (-14 + 26) - 6
-10
What is the value of (-157 - -149) + (1 - 18)?
-25
What is the value of 22 + (-21 - (15 - 26))?
12
(-66 - -90) + -3 + -41
-20
What is 1 + (-11 - -5) + 2 + 1 + 8?
6
1 + -3 + (1 - (4 + 2))
-7
Calculate (-7 + 1 - -5) + (3 - 9 - 1).
-8
What is the value of -20 - -21 - ((-2 - -5) + 2)?
-4
What is -907 + 924 - (36 - -1)?
-20
What is (-2 - -3) + -5 + (-9 - -15) - -13?
15
44 + -49 + (4 - ((4 - -4) + 1))
-10
Calculate -33 - (-49 + 22) - (0 + 1).
-7
33 - 12 - 7 - (-1 - -1 - 2)
16
-12 + 7 - -4 - (9 + -19)
9
Evaluate -1 + 25 - (-15 - -40).
-1
What is -3 - (4 + -6) - (7 + -19) - -1?
12
Evaluate -8 - (-16 - (-3 + -14)).
-9
Calculate 2 + -8 + 10 - 5.
-1
Calculate 6 + 0 + 3 + (-3 - 3) - 2.
1
What is the value of 7 + 8 + -12 + -13?
-10
Calculate (18 - (-1 - -14)) + -7.
-2
What is 60 + -69 - ((2 - -2) + -28 + -4)?
19
What is (0 - -4 - 0) + (4 - (7 + -5))?
6
-4 + (-13 - (7 - 20)) + -3
-7
22 - (13 - 9 - -8)
10
What is -18 + 53 + -20 + -31?
-16
1 + -4 - -18 - (-91 + 86) - 8
12
What is the value of (-1 + -8 - -8) + (-6 + 15 - 5)?
3
What is -2 + (0 - -2) + (-27 - -22) + 16?
11
Evaluate -1 + 55 + -47 + (-6 - -1) - -4.
6
What is the value of 6 + (-8 + -17 - -3) + -6?
-22
What is the value of -10 + 12 + 4 + -6 + -2 - -3?
1
What is 134 + -143 - (0 - (7 - 0))?
-2
Calculate -45 + 10 + -31 + 41.
-25
Evaluate (-7 - 1) + (-3 - (-3 + 2 + 0)).
-10
What is -7 + -3 - (9 - (22 - 12))?
-9
What is the value of 17 + 2 + -16 + 0 + -9 + 6?
0
-18 + -9 + 2 + 15
-10
Evaluate (-4 - -23 - 10) + -12.
-3
What is the value of -15 - (-15 + (-7 - 18)) - 8?
17
What is the value of (1 - (-10 + 0 + 3)) + (316 - 312)?
12
Evaluate 29 + -23 - (2 + 4 + 1).
-1
Evaluate (0 - ((2 - -15) + (-11 - -5))) + 0.
-11
Evaluate 148 + -159 + 4 + 2.
-5
What is the value of -19 - (-21 + -27 + 27)?
2
What is (2 - (-1 - (2 - 11))) + 50 + -69?
-25
Calculate 15 + (7 - ((45 - 4) + -3)).
-16
What is 4 + (-13 + -14 - -6)?
-17
What is the value of (-9 - -1) + (257 - 237)?
12
Evaluate (67 - 1) + (151 - 182).
35
What is the value of (-18 + 29 - 19) + 4?
-4
0 + 3 - (-2 - -20 - 16)
1
Evaluate -1 - -6 - (1 - (-13 - -5)).
-4
What is (14 + -6 + -2 + -3 - -4) + 2?
9
Evaluate (-13 - 7) + -5 + 12.
-13
Calculate 5 - ((-2 - -8) + -1 + -7).
7
(23 - 18) + (13 - 1) + -8
9
Calculate 10 + -2 + -1 - (12 + (-8 - 2)).
5
Calculate 8 - (9 + (0 - 2)) - (17 + -3).
-13
(114 - 124) + 3 + 0
-7
28 - (4 - (15 + -22))
17
What is the value of 2 - (-3 + -7) - 11?
1
What is the value of 1 + -2 + (6 - 15) + 22?
12
-35 - ((24 - -13) + -44)
-28
What is -5 + -6 + 0 + -3 + 4?
-10
What is (-3 + 4 + -2 - 3) + (-90 - -94)?
0
What is the value of (26 - -16 - 16) + -48?
-22
Calculate -12 + -2 - -5 - 2.
-11
Evaluate 9 - ((-6 - 1) + (190 - 180)).
6
Calculate 5 + 0 - ((-112 - -76) + 25).
16
-1 - (-55 + 24 + 11)
19
What is the value of 0 - 5 - (-120 + 108) - 29?
-22
What is 5 - (-13 + 29 + 2)?
-13
(-1 - (12 + 4)) + -13 + 12
-18
-20 + 3 + 6 + 10
-1
Evaluate (-9 - (-9 - -6)) + (1 - (3 + -2)).
-6
-35 + (2 - (-5 + 0 + -3)) + -2
-27
What is the value of 10 + 0 + -15 + 32 + -13?
14
124